{"id":84,"date":"2022-06-13T16:54:54","date_gmt":"2022-06-13T16:54:54","guid":{"rendered":"https:\/\/www.instalaterstvojezik.sk\/o-nas\/?page_id=84"},"modified":"2023-08-07T19:32:59","modified_gmt":"2023-08-07T19:32:59","slug":"jadrove-vrtanie","status":"publish","type":"page","link":"https:\/\/www.instalaterstvojezik.sk\/o-nas\/jadrove-vrtanie\/","title":{"rendered":"Jadrov\u00e9 v\u0155tanie"},"content":{"rendered":"\n<div class=\"wp-block-columns is-layout-flex wp-container-core-columns-is-layout-1 wp-block-columns-is-layout-flex\">\n<div class=\"wp-block-column is-layout-flow wp-block-column-is-layout-flow\" style=\"flex-basis:40%\"><div class=\"wp-block-image\">\n<figure class=\"aligncenter size-large\"><img loading=\"lazy\" decoding=\"async\" width=\"1024\" height=\"714\" src=\"https:\/\/www.instalaterstvojezik.sk\/o-nas\/wp-content\/uploads\/2022\/06\/107705_02_L045682_L04685_b-1024x714.jpg\" alt=\"\" class=\"wp-image-85\" srcset=\"https:\/\/www.instalaterstvojezik.sk\/o-nas\/wp-content\/uploads\/2022\/06\/107705_02_L045682_L04685_b-1024x714.jpg 1024w, https:\/\/www.instalaterstvojezik.sk\/o-nas\/wp-content\/uploads\/2022\/06\/107705_02_L045682_L04685_b-300x209.jpg 300w, https:\/\/www.instalaterstvojezik.sk\/o-nas\/wp-content\/uploads\/2022\/06\/107705_02_L045682_L04685_b-768x536.jpg 768w, https:\/\/www.instalaterstvojezik.sk\/o-nas\/wp-content\/uploads\/2022\/06\/107705_02_L045682_L04685_b-1536x1072.jpg 1536w, https:\/\/www.instalaterstvojezik.sk\/o-nas\/wp-content\/uploads\/2022\/06\/107705_02_L045682_L04685_b.jpg 1548w\" sizes=\"auto, (max-width: 1024px) 100vw, 1024px\" \/><\/figure><\/div><\/div>\n\n\n\n<div class=\"wp-block-column is-vertically-aligned-top is-layout-flow wp-block-column-is-layout-flow\" style=\"flex-basis:60%\">\n<p class=\"has-text-align-left\">Potrebujete v\u0155ta\u0165 do bet\u00f3nu alebo muriva? Pre n\u00e1s to nie je \u017eiaden probl\u00e9m.<\/p>\n\n\n\n<p class=\"has-text-align-left\">Na v\u0155tanie vyu\u017e\u00edvame <strong>diamantov\u00fd jadrov\u00fd v\u0155tac\u00ed stroj od spolo\u010dnosti Hilti<\/strong>, ktor\u00fd dok\u00e1\u017ee v\u0155ta\u0165 otvory s priemerom <strong>a\u017e 162 mm<\/strong>. <\/p>\n\n\n\n<figure class=\"wp-block-table\"><table><tbody><tr><td class=\"has-text-align-center\" data-align=\"center\"><strong>Priemer otvoru<\/strong><\/td><td class=\"has-text-align-center\" data-align=\"center\"><strong>Bet\u00f3n\/Murivo<\/strong><\/td><td class=\"has-text-align-center\" data-align=\"center\"><strong>\u017delezobet\u00f3n\/Skala<\/strong><\/td><\/tr><tr><td class=\"has-text-align-center\" data-align=\"center\">\u00d8 32 &#8211; 52 mm<\/td><td class=\"has-text-align-center\" data-align=\"center\">0,72 \u20ac<\/td><td class=\"has-text-align-center\" data-align=\"center\">0,88 \u20ac<\/td><\/tr><tr><td class=\"has-text-align-center\" data-align=\"center\">\u00d8 62 &#8211; 72 mm<\/td><td class=\"has-text-align-center\" data-align=\"center\">0,87 \u20ac<\/td><td class=\"has-text-align-center\" data-align=\"center\">1,01 \u20ac<\/td><\/tr><tr><td class=\"has-text-align-center\" data-align=\"center\">\u00d8 82 &#8211; 102 mm<\/td><td class=\"has-text-align-center\" data-align=\"center\">1,00 \u20ac<\/td><td class=\"has-text-align-center\" data-align=\"center\">1,14 \u20ac<\/td><\/tr><tr><td class=\"has-text-align-center\" data-align=\"center\">\u00d8 112 mm<\/td><td class=\"has-text-align-center\" data-align=\"center\">1,07 \u20ac<\/td><td class=\"has-text-align-center\" data-align=\"center\">1,28 \u20ac<\/td><\/tr><tr><td class=\"has-text-align-center\" data-align=\"center\">\u00d8 122 mm<\/td><td class=\"has-text-align-center\" data-align=\"center\">1,11 \u20ac<\/td><td class=\"has-text-align-center\" data-align=\"center\">1,38 \u20ac<\/td><\/tr><tr><td class=\"has-text-align-center\" data-align=\"center\">\u00d8 127 mm<\/td><td class=\"has-text-align-center\" data-align=\"center\">1,16 \u20ac<\/td><td class=\"has-text-align-center\" data-align=\"center\">1,42 \u20ac<\/td><\/tr><tr><td class=\"has-text-align-center\" data-align=\"center\">\u00d8 142 &#8211; 162 mm<\/td><td class=\"has-text-align-center\" data-align=\"center\">1,06 \u20ac<\/td><td class=\"has-text-align-center\" data-align=\"center\">1,52 \u20ac<\/td><\/tr><\/tbody><\/table><figcaption class=\"wp-element-caption\"><em>Cena je uveden\u00e1 za cm h\u013abky vrtu a bez DPH<\/em><\/figcaption><\/figure>\n<\/div>\n<\/div>\n\n\n\n<h2 class=\"wp-block-heading has-text-align-center\">Pr\u00edplatky k cene otvorov<\/h2>\n\n\n\n<div class=\"wp-block-columns is-layout-flex wp-container-core-columns-is-layout-2 wp-block-columns-is-layout-flex\">\n<div class=\"wp-block-column is-layout-flow wp-block-column-is-layout-flow\" style=\"flex-basis:50%\">\n<ul class=\"wp-block-list\">\n<li>Kotva: 1,20 \u20ac\/ks<\/li>\n\n\n\n<li>\u0160ikm\u00e9 v\u0155tanie &#8211; pr\u00edplatok 10 % zo z\u00e1kladnej cene.<\/li>\n\n\n\n<li>V\u0155tanie na sucho &#8211; pr\u00edplatok 50 % zo z\u00e1kladnej cene.<\/li>\n\n\n\n<li>Zachytenie chladiacej vody &#8211; pr\u00edplatok 15 % zo z\u00e1kladnej cene.<\/li>\n\n\n\n<li>Doprava na pracovisko: 0,33 \u20ac\/km<\/li>\n\n\n\n<li>V\u0155tanie vo v\u00fd\u0161ke nad 150cm &#8211; pr\u00edplatok 15% zo z\u00e1kladnej cene.<\/li>\n\n\n\n<li>Pou\u017eitie vlastnej elektrocentr\u00e1ly: 8,4 \u20ac\/h<\/li>\n\n\n\n<li>Pou\u017eitie vlastnej tlakovej n\u00e1doby na vodu: 16,50 \u20ac<\/li>\n\n\n\n<li>Vrt hlb\u0161\u00ed ne\u017e 40 cm &#8211; pr\u00edplatok 15 % zo z\u00e1kladnej cene.<\/li>\n\n\n\n<li>Pri v\u00e4\u010d\u0161om obsahu \u017eeleza sa cena zv\u00fd\u0161i o 10 \u20ac na 1 cm\u00b2 plochy rezu.<\/li>\n\n\n\n<li>Pri v\u0155tan\u00ed do h\u013abky nad 40 cm si pripo\u010d\u00edtavame 13,5 \u20ac\/h za pracovn\u00edka, ktor\u00fd zabezpe\u010d\u00ed vy\u0165ahovanie a vysek\u00e1vanie jadra.<\/li>\n\n\n\n<li>Pokia\u013e bude pr\u00e1ca prebieha\u0165 vo v\u00fd\u0161ke v\u00e4\u010d\u0161ej ako 1,5 m je objedn\u00e1vate\u013e povinn\u00fd zabezpe\u010di\u0165 plo\u0161inu, pr\u00edpadne le\u0161enie.<\/li>\n\n\n\n<li>Prestoje, ktor\u00e9 nevznikn\u00fa vinou na\u0161ej firmy bud\u00fa \u00fa\u010dtovan\u00e9 13,5 \u20ac\/h za ka\u017ed\u00e9ho pracovn\u00edka.<\/li>\n\n\n\n<li>Objedn\u00e1vate\u013e vyzna\u010d\u00ed vidite\u013ene presn\u00fd stred vrtu alebo vrtov vopred. Ak tak nesprav\u00ed, bude za\u00fa\u010dtovan\u00fd prestoj v cene 13,50 EUR\/h za ka\u017ed\u00e9ho pracovn\u00edka.<\/li>\n\n\n\n<li>V cene nie je zahrnut\u00e1 likvid\u00e1cia vzniknut\u00e9ho odpadu. Odpad ost\u00e1va ako majetok objedn\u00e1vate\u013ea.<\/li>\n<\/ul>\n<\/div>\n\n\n\n<div class=\"wp-block-column is-layout-flow wp-block-column-is-layout-flow\" style=\"flex-basis:50%\">\n<ul class=\"wp-block-list\">\n<li>Zhotovite\u013e nenesie \u017eiadne riziko ani nijak neru\u010d\u00ed za statick\u00e9 zmeny v objekte pri v\u0155tan\u00ed otvorov.<\/li>\n\n\n\n<li>Pri pou\u017e\u00edvanej technol\u00f3gii nie je mo\u017en\u00e9 zabr\u00e1ni\u0165 navlhnutiu v\u0155tan\u00e9ho a rezan\u00e9ho materi\u00e1lu ako aj bl\u00edzkeho okolia a preto dod\u00e1vate\u013e neru\u010d\u00ed za pr\u00edpadn\u00e9 vzniknut\u00e9 \u0161kody, ktor\u00e9 by t\u00fdm mohli nasta\u0165.<\/li>\n\n\n\n<li>Objedn\u00e1vate\u013e zodpoved\u00e1 v plnej miere za vzniknut\u00e9 \u0161kody sp\u00f4soben\u00e9 pr\u00e1cami (napr. po\u0161kodenie in\u0161tal\u00e1ci\u00ed, statiky kon\u0161trukcie a in\u00e9).<\/li>\n\n\n\n<li>Ak je nutn\u00e9 zachytenie jadra na druhej strane vrtu, alebo vody, bude \u00fa\u010dtovan\u00fd poplatok 13,5 \u20ac\/h za druh\u00e9ho pracovn\u00edka. Prv\u00fd pracovn\u00edk bude \u00fa\u010dtovan\u00fd za cel\u00fd \u010das v\u0155tania.<\/li>\n\n\n\n<li>Pre pr\u00e1cu je nutn\u00e9 zabezpe\u010denie (napr. podopieranie dielcov, vymedzenie pracoviska), a tak isto potrebn\u00e9 ochr\u00e1nenie susediacich \u010dast\u00ed, ktor\u00e9 zabezpe\u010duje objedn\u00e1vate\u013e.<\/li>\n\n\n\n<li>V pr\u00edpade ochrany susediacich \u010dast\u00ed (napr. pred striekaj\u00facou vodou) na\u0161ou firmou bude zapo\u010d\u00edtan\u00e9 13,50 EUR\/h za pracovn\u00edka.<\/li>\n\n\n\n<li>Objedn\u00e1vate\u013e zabezpe\u010d\u00ed slu\u017eby, ktor\u00e9 bud\u00fa potrebn\u00e9 pre transport na\u0161ej technol\u00f3gie (napr. \u017eeriav alebo \u0161pecifick\u00e9 zariadenie).<\/li>\n\n\n\n<li>Zru\u0161enie alebo presunutie term\u00ednu pr\u00e1c je mo\u017en\u00e9 najnesk\u00f4r do 5-tich pracovn\u00fdch dn\u00ed pred term\u00ednom pr\u00e1c. Pokia\u013e tak objedn\u00e1vate\u013e nezru\u0161\u00ed\/nepresunie term\u00edn v\u010das, bud\u00fa mu za\u00fa\u010dtovan\u00e9 storno poplatky vo v\u00fd\u0161ke 40% z&nbsp;v\u00fd\u0161ky objemu pr\u00e1c a vypo\u010d\u00edtan\u00e9 na z\u00e1klade predbe\u017enej objedn\u00e1vky.<\/li>\n\n\n\n<li><strong>Minim\u00e1lna fakturovan\u00e1 cena za vrty je 220\u20ac + doprava.<\/strong><\/li>\n\n\n\n<li><strong>Ceny s\u00fa uv\u00e1dzan\u00e9 bez DPH.<\/strong><\/li>\n<\/ul>\n<\/div>\n<\/div>\n\n\n\n<p><\/p>\n","protected":false},"excerpt":{"rendered":"<p>Potrebujete v\u0155ta\u0165 do bet\u00f3nu alebo muriva? Pre n\u00e1s to nie je \u017eiaden probl\u00e9m. Na v\u0155tanie vyu\u017e\u00edvame diamantov\u00fd jadrov\u00fd v\u0155tac\u00ed stroj od spolo\u010dnosti Hilti, ktor\u00fd dok\u00e1\u017ee v\u0155ta\u0165 otvory s priemerom a\u017e 162 mm. Priemer otvoru Bet\u00f3n\/Murivo \u017delezobet\u00f3n\/Skala \u00d8 32 &#8211; 52 mm 0,72 \u20ac 0,88 \u20ac \u00d8 62 &#8211; 72 mm 0,87 \u20ac 1,01 \u20ac \u00d8 82 &#8211; 102 mm 1,00 \u20ac 1,14 \u20ac \u00d8 112 mm 1,07 \u20ac 1,28 \u20ac \u00d8 122 mm 1,11 \u20ac &#8230; <a title=\"Jadrov\u00e9 v\u0155tanie\" class=\"read-more\" href=\"https:\/\/www.instalaterstvojezik.sk\/o-nas\/jadrove-vrtanie\/\" aria-label=\"Pre\u010d\u00edtajte si viac o Jadrov\u00e9 v\u0155tanie\">\u010c\u00edta\u0165 viac<\/a><\/p>\n","protected":false},"author":1,"featured_media":0,"parent":0,"menu_order":0,"comment_status":"closed","ping_status":"closed","template":"","meta":{"_monsterinsights_skip_tracking":false,"_monsterinsights_sitenote_active":false,"_monsterinsights_sitenote_note":"","_monsterinsights_sitenote_category":0,"footnotes":""},"class_list":["post-84","page","type-page","status-publish"],"yoast_head":"<!-- This site is optimized with the Yoast SEO plugin v24.7 - https:\/\/yoast.com\/wordpress\/plugins\/seo\/ -->\n<title>Jadrov\u00e9 v\u0155tanie - In\u0161talat\u00e9rstvo Je\u017e\u00edk, s. r. o.<\/title>\n<meta name=\"robots\" content=\"index, follow, max-snippet:-1, max-image-preview:large, max-video-preview:-1\" \/>\n<link rel=\"canonical\" href=\"https:\/\/www.instalaterstvojezik.sk\/o-nas\/jadrove-vrtanie\/\" \/>\n<meta property=\"og:locale\" content=\"sk_SK\" \/>\n<meta property=\"og:type\" content=\"article\" \/>\n<meta property=\"og:title\" content=\"Jadrov\u00e9 v\u0155tanie - In\u0161talat\u00e9rstvo Je\u017e\u00edk, s. r. o.\" \/>\n<meta property=\"og:description\" content=\"Potrebujete v\u0155ta\u0165 do bet\u00f3nu alebo muriva? Pre n\u00e1s to nie je \u017eiaden probl\u00e9m. Na v\u0155tanie vyu\u017e\u00edvame diamantov\u00fd jadrov\u00fd v\u0155tac\u00ed stroj od spolo\u010dnosti Hilti, ktor\u00fd dok\u00e1\u017ee v\u0155ta\u0165 otvory s priemerom a\u017e 162 mm. Priemer otvoru Bet\u00f3n\/Murivo \u017delezobet\u00f3n\/Skala \u00d8 32 &#8211; 52 mm 0,72 \u20ac 0,88 \u20ac \u00d8 62 &#8211; 72 mm 0,87 \u20ac 1,01 \u20ac \u00d8 82 &#8211; 102 mm 1,00 \u20ac 1,14 \u20ac \u00d8 112 mm 1,07 \u20ac 1,28 \u20ac \u00d8 122 mm 1,11 \u20ac ... \u010c\u00edta\u0165 viac\" \/>\n<meta property=\"og:url\" content=\"https:\/\/www.instalaterstvojezik.sk\/o-nas\/jadrove-vrtanie\/\" \/>\n<meta property=\"og:site_name\" content=\"In\u0161talat\u00e9rstvo Je\u017e\u00edk, s. r. o.\" \/>\n<meta property=\"article:modified_time\" content=\"2023-08-07T19:32:59+00:00\" \/>\n<meta property=\"og:image\" content=\"https:\/\/www.instalaterstvojezik.sk\/o-nas\/wp-content\/uploads\/2022\/06\/107705_02_L045682_L04685_b-1024x714.jpg\" \/>\n<meta name=\"twitter:card\" content=\"summary_large_image\" \/>\n<meta name=\"twitter:label1\" content=\"Predpokladan\u00fd \u010das \u010d\u00edtania\" \/>\n\t<meta name=\"twitter:data1\" content=\"3 min\u00faty\" \/>\n<script type=\"application\/ld+json\" class=\"yoast-schema-graph\">{\"@context\":\"https:\/\/schema.org\",\"@graph\":[{\"@type\":\"WebPage\",\"@id\":\"https:\/\/www.instalaterstvojezik.sk\/o-nas\/jadrove-vrtanie\/\",\"url\":\"https:\/\/www.instalaterstvojezik.sk\/o-nas\/jadrove-vrtanie\/\",\"name\":\"Jadrov\u00e9 v\u0155tanie - In\u0161talat\u00e9rstvo Je\u017e\u00edk, s. r. o.\",\"isPartOf\":{\"@id\":\"https:\/\/www.instalaterstvojezik.sk\/o-nas\/#website\"},\"primaryImageOfPage\":{\"@id\":\"https:\/\/www.instalaterstvojezik.sk\/o-nas\/jadrove-vrtanie\/#primaryimage\"},\"image\":{\"@id\":\"https:\/\/www.instalaterstvojezik.sk\/o-nas\/jadrove-vrtanie\/#primaryimage\"},\"thumbnailUrl\":\"https:\/\/www.instalaterstvojezik.sk\/o-nas\/wp-content\/uploads\/2022\/06\/107705_02_L045682_L04685_b-1024x714.jpg\",\"datePublished\":\"2022-06-13T16:54:54+00:00\",\"dateModified\":\"2023-08-07T19:32:59+00:00\",\"breadcrumb\":{\"@id\":\"https:\/\/www.instalaterstvojezik.sk\/o-nas\/jadrove-vrtanie\/#breadcrumb\"},\"inLanguage\":\"sk-SK\",\"potentialAction\":[{\"@type\":\"ReadAction\",\"target\":[\"https:\/\/www.instalaterstvojezik.sk\/o-nas\/jadrove-vrtanie\/\"]}]},{\"@type\":\"ImageObject\",\"inLanguage\":\"sk-SK\",\"@id\":\"https:\/\/www.instalaterstvojezik.sk\/o-nas\/jadrove-vrtanie\/#primaryimage\",\"url\":\"https:\/\/www.instalaterstvojezik.sk\/o-nas\/wp-content\/uploads\/2022\/06\/107705_02_L045682_L04685_b.jpg\",\"contentUrl\":\"https:\/\/www.instalaterstvojezik.sk\/o-nas\/wp-content\/uploads\/2022\/06\/107705_02_L045682_L04685_b.jpg\",\"width\":1548,\"height\":1080},{\"@type\":\"BreadcrumbList\",\"@id\":\"https:\/\/www.instalaterstvojezik.sk\/o-nas\/jadrove-vrtanie\/#breadcrumb\",\"itemListElement\":[{\"@type\":\"ListItem\",\"position\":1,\"name\":\"Home\",\"item\":\"https:\/\/www.instalaterstvojezik.sk\/o-nas\/\"},{\"@type\":\"ListItem\",\"position\":2,\"name\":\"Jadrov\u00e9 v\u0155tanie\"}]},{\"@type\":\"WebSite\",\"@id\":\"https:\/\/www.instalaterstvojezik.sk\/o-nas\/#website\",\"url\":\"https:\/\/www.instalaterstvojezik.sk\/o-nas\/\",\"name\":\"In\u0161talat\u00e9rstvo Je\u017e\u00edk, s. r. o.\",\"description\":\"\",\"publisher\":{\"@id\":\"https:\/\/www.instalaterstvojezik.sk\/o-nas\/#organization\"},\"potentialAction\":[{\"@type\":\"SearchAction\",\"target\":{\"@type\":\"EntryPoint\",\"urlTemplate\":\"https:\/\/www.instalaterstvojezik.sk\/o-nas\/?s={search_term_string}\"},\"query-input\":{\"@type\":\"PropertyValueSpecification\",\"valueRequired\":true,\"valueName\":\"search_term_string\"}}],\"inLanguage\":\"sk-SK\"},{\"@type\":\"Organization\",\"@id\":\"https:\/\/www.instalaterstvojezik.sk\/o-nas\/#organization\",\"name\":\"In\u0161talat\u00e9rstvo Je\u017e\u00edk, s. r. o.\",\"url\":\"https:\/\/www.instalaterstvojezik.sk\/o-nas\/\",\"logo\":{\"@type\":\"ImageObject\",\"inLanguage\":\"sk-SK\",\"@id\":\"https:\/\/www.instalaterstvojezik.sk\/o-nas\/#\/schema\/logo\/image\/\",\"url\":\"https:\/\/www.instalaterstvojezik.sk\/o-nas\/wp-content\/uploads\/2025\/03\/symbol_instalaterstvo@4x.png\",\"contentUrl\":\"https:\/\/www.instalaterstvojezik.sk\/o-nas\/wp-content\/uploads\/2025\/03\/symbol_instalaterstvo@4x.png\",\"width\":537,\"height\":366,\"caption\":\"In\u0161talat\u00e9rstvo Je\u017e\u00edk, s. r. o.\"},\"image\":{\"@id\":\"https:\/\/www.instalaterstvojezik.sk\/o-nas\/#\/schema\/logo\/image\/\"}}]}<\/script>\n<!-- \/ Yoast SEO plugin. -->","yoast_head_json":{"title":"Jadrov\u00e9 v\u0155tanie - In\u0161talat\u00e9rstvo Je\u017e\u00edk, s. r. o.","robots":{"index":"index","follow":"follow","max-snippet":"max-snippet:-1","max-image-preview":"max-image-preview:large","max-video-preview":"max-video-preview:-1"},"canonical":"https:\/\/www.instalaterstvojezik.sk\/o-nas\/jadrove-vrtanie\/","og_locale":"sk_SK","og_type":"article","og_title":"Jadrov\u00e9 v\u0155tanie - In\u0161talat\u00e9rstvo Je\u017e\u00edk, s. r. o.","og_description":"Potrebujete v\u0155ta\u0165 do bet\u00f3nu alebo muriva? Pre n\u00e1s to nie je \u017eiaden probl\u00e9m. Na v\u0155tanie vyu\u017e\u00edvame diamantov\u00fd jadrov\u00fd v\u0155tac\u00ed stroj od spolo\u010dnosti Hilti, ktor\u00fd dok\u00e1\u017ee v\u0155ta\u0165 otvory s priemerom a\u017e 162 mm. Priemer otvoru Bet\u00f3n\/Murivo \u017delezobet\u00f3n\/Skala \u00d8 32 &#8211; 52 mm 0,72 \u20ac 0,88 \u20ac \u00d8 62 &#8211; 72 mm 0,87 \u20ac 1,01 \u20ac \u00d8 82 &#8211; 102 mm 1,00 \u20ac 1,14 \u20ac \u00d8 112 mm 1,07 \u20ac 1,28 \u20ac \u00d8 122 mm 1,11 \u20ac ... \u010c\u00edta\u0165 viac","og_url":"https:\/\/www.instalaterstvojezik.sk\/o-nas\/jadrove-vrtanie\/","og_site_name":"In\u0161talat\u00e9rstvo Je\u017e\u00edk, s. r. o.","article_modified_time":"2023-08-07T19:32:59+00:00","og_image":[{"url":"https:\/\/www.instalaterstvojezik.sk\/o-nas\/wp-content\/uploads\/2022\/06\/107705_02_L045682_L04685_b-1024x714.jpg","type":"","width":"","height":""}],"twitter_card":"summary_large_image","twitter_misc":{"Predpokladan\u00fd \u010das \u010d\u00edtania":"3 min\u00faty"},"schema":{"@context":"https:\/\/schema.org","@graph":[{"@type":"WebPage","@id":"https:\/\/www.instalaterstvojezik.sk\/o-nas\/jadrove-vrtanie\/","url":"https:\/\/www.instalaterstvojezik.sk\/o-nas\/jadrove-vrtanie\/","name":"Jadrov\u00e9 v\u0155tanie - In\u0161talat\u00e9rstvo Je\u017e\u00edk, s. r. o.","isPartOf":{"@id":"https:\/\/www.instalaterstvojezik.sk\/o-nas\/#website"},"primaryImageOfPage":{"@id":"https:\/\/www.instalaterstvojezik.sk\/o-nas\/jadrove-vrtanie\/#primaryimage"},"image":{"@id":"https:\/\/www.instalaterstvojezik.sk\/o-nas\/jadrove-vrtanie\/#primaryimage"},"thumbnailUrl":"https:\/\/www.instalaterstvojezik.sk\/o-nas\/wp-content\/uploads\/2022\/06\/107705_02_L045682_L04685_b-1024x714.jpg","datePublished":"2022-06-13T16:54:54+00:00","dateModified":"2023-08-07T19:32:59+00:00","breadcrumb":{"@id":"https:\/\/www.instalaterstvojezik.sk\/o-nas\/jadrove-vrtanie\/#breadcrumb"},"inLanguage":"sk-SK","potentialAction":[{"@type":"ReadAction","target":["https:\/\/www.instalaterstvojezik.sk\/o-nas\/jadrove-vrtanie\/"]}]},{"@type":"ImageObject","inLanguage":"sk-SK","@id":"https:\/\/www.instalaterstvojezik.sk\/o-nas\/jadrove-vrtanie\/#primaryimage","url":"https:\/\/www.instalaterstvojezik.sk\/o-nas\/wp-content\/uploads\/2022\/06\/107705_02_L045682_L04685_b.jpg","contentUrl":"https:\/\/www.instalaterstvojezik.sk\/o-nas\/wp-content\/uploads\/2022\/06\/107705_02_L045682_L04685_b.jpg","width":1548,"height":1080},{"@type":"BreadcrumbList","@id":"https:\/\/www.instalaterstvojezik.sk\/o-nas\/jadrove-vrtanie\/#breadcrumb","itemListElement":[{"@type":"ListItem","position":1,"name":"Home","item":"https:\/\/www.instalaterstvojezik.sk\/o-nas\/"},{"@type":"ListItem","position":2,"name":"Jadrov\u00e9 v\u0155tanie"}]},{"@type":"WebSite","@id":"https:\/\/www.instalaterstvojezik.sk\/o-nas\/#website","url":"https:\/\/www.instalaterstvojezik.sk\/o-nas\/","name":"In\u0161talat\u00e9rstvo Je\u017e\u00edk, s. r. o.","description":"","publisher":{"@id":"https:\/\/www.instalaterstvojezik.sk\/o-nas\/#organization"},"potentialAction":[{"@type":"SearchAction","target":{"@type":"EntryPoint","urlTemplate":"https:\/\/www.instalaterstvojezik.sk\/o-nas\/?s={search_term_string}"},"query-input":{"@type":"PropertyValueSpecification","valueRequired":true,"valueName":"search_term_string"}}],"inLanguage":"sk-SK"},{"@type":"Organization","@id":"https:\/\/www.instalaterstvojezik.sk\/o-nas\/#organization","name":"In\u0161talat\u00e9rstvo Je\u017e\u00edk, s. r. o.","url":"https:\/\/www.instalaterstvojezik.sk\/o-nas\/","logo":{"@type":"ImageObject","inLanguage":"sk-SK","@id":"https:\/\/www.instalaterstvojezik.sk\/o-nas\/#\/schema\/logo\/image\/","url":"https:\/\/www.instalaterstvojezik.sk\/o-nas\/wp-content\/uploads\/2025\/03\/symbol_instalaterstvo@4x.png","contentUrl":"https:\/\/www.instalaterstvojezik.sk\/o-nas\/wp-content\/uploads\/2025\/03\/symbol_instalaterstvo@4x.png","width":537,"height":366,"caption":"In\u0161talat\u00e9rstvo Je\u017e\u00edk, s. r. o."},"image":{"@id":"https:\/\/www.instalaterstvojezik.sk\/o-nas\/#\/schema\/logo\/image\/"}}]}},"_links":{"self":[{"href":"https:\/\/www.instalaterstvojezik.sk\/o-nas\/wp-json\/wp\/v2\/pages\/84","targetHints":{"allow":["GET"]}}],"collection":[{"href":"https:\/\/www.instalaterstvojezik.sk\/o-nas\/wp-json\/wp\/v2\/pages"}],"about":[{"href":"https:\/\/www.instalaterstvojezik.sk\/o-nas\/wp-json\/wp\/v2\/types\/page"}],"author":[{"embeddable":true,"href":"https:\/\/www.instalaterstvojezik.sk\/o-nas\/wp-json\/wp\/v2\/users\/1"}],"replies":[{"embeddable":true,"href":"https:\/\/www.instalaterstvojezik.sk\/o-nas\/wp-json\/wp\/v2\/comments?post=84"}],"version-history":[{"count":5,"href":"https:\/\/www.instalaterstvojezik.sk\/o-nas\/wp-json\/wp\/v2\/pages\/84\/revisions"}],"predecessor-version":[{"id":465,"href":"https:\/\/www.instalaterstvojezik.sk\/o-nas\/wp-json\/wp\/v2\/pages\/84\/revisions\/465"}],"wp:attachment":[{"href":"https:\/\/www.instalaterstvojezik.sk\/o-nas\/wp-json\/wp\/v2\/media?parent=84"}],"curies":[{"name":"wp","href":"https:\/\/api.w.org\/{rel}","templated":true}]}}